rivative of i**3/6 - 7*i**2/2 + 11*i. Calculate l(j).
-2
Let s(v) = -2*v**2 - 5. Let z(w) = 3*w**2 + 9. Let o(c) = 7*s(c) + 4*z(c). Determine o(-2).
-7
Let m(u) be the first derivative of 7/2*u**2 + 8 - u + 1/3*u**3. Give m(-5).
-11
Suppose -18 = 2*b - 28. Let q(u) = u**3 - 6*u**2 + 7*u - 7. What is q(b)?
3
Let g(q) be the third derivative of 0 + q**2 + 1/60*q**5 - 5/24*q**4 + 0*q + 2/3*q**3. Let u(j) = j**2 - 4*j + 4. Let w(p) = -2*g(p) + 3*u(p). Give w(3).
7
Let i(r) = r**3 + 4*r**2 - 4*r. Suppose 4*p = 8*p - 28. Suppose -2*y = -3*u - 7, -p*u + 3*y - 13 = -2*u. Give i(u).
-5
Let x(s) be the first derivative of s**2/2 - 4. Let h(a) = a**3 + 3*a**2 - 5*a. Let p be h(-4). Suppose -b + 12 = 2*i - 3*b, p*i + 16 = -4*b. Give x(i).
1
Let h be (-23)/(-15) - (-2)/(-10). Let c(x) be the first derivative of -1/4*x**4 - 1 + h*x**3 - 5*x + 5/2*x**2. Determine c(5).
-5
Suppose 0 = -0*x + 5*x - 15. Suppose -x = l - 5. Let w(h) = -3*h - 1. What is w(l)?
-7
Let s be (4/(-3))/(-4 - -2). Let o(n) be the first derivative of 1 + 0*n**2 - s*n**3 + 0*n. Determine o(-1).
-2
Let o(s) be the second derivative of -s**3/6 + s**2/2 - 2*s. Let h be o(4). Let j(y) = y**2 + 1. Determine j(h).
10
Let a(f) be the second derivative of -1/6*f**3 + 5*f**2 + 1/12*f**4 + 0 + 4*f. Determine a(0).
10
Let q(u) = 5*u + 3 - 1 + 4. Let h(v) = 2*v + 3. Let t(a) = -9*h(a) + 4*q(a). Calculate t(5).
7
Suppose i + 4*q - 7 = 7, 4*q - 44 = -4*i. Let g be -3*(i/(-3))/(-5). Let z(m) = -m**3 - 2*m**2 - 2*m - 3. Calculate z(g).
1
Let j(h) = -h**2 - 5*h - 1. Let r be 33/9 - 1/(-3). Let c be -3 + (-3)/(r - 1). Determine j(c).
3
Suppose 5*a + 4*p = -p + 25, 22 = 4*a + 5*p. Let c(n) = n**3 - 2*n**2 - n - 1. Give c(a).
5
Let u = 1 + -3. Let d(t) be the second derivative of t**5/10 + t**4/6 + t**3/3 + 3*t**2/2 - 5*t. Determine d(u).
-9
Let u be (-96)/(-42) + 4/(-14). Let k(g) = u*g + 1 - g - 4*g. Suppose -4 = -4*f + 2*f. What is k(f)?
-5
Let i be (0 - -4) + 0 + 0. Let w(n) be the first derivative of -n**3 - 3/2*n**2 + 3*n + 1/4*n**4 + 2. Give w(i).
7
Let a(h) = -h**3 - h**2 - h. Let l(z) = 4*z**3 + 12*z**2 + 4*z + 6. Let i(f) = -5*a(f) - l(f). Determine i(7).
1
Let z(o) = -14*o + 0 + 3 - 4. Let r be ((-1)/(-1))/(10 - 11). What is z(r)?
13
Let r(o) = 2*o**2 + 2*o - 1. Suppose -4*k = -2*n + 10, -2*n + 2 = -5*k - 10. Calculate r(k).
3
Suppose 0 = 4*i - 2*h - h + 1, -2*h - 2 = 0. Let m(o) = -2*o + o + 2*o**3 - 4*o**3 - o**2 - 1. Calculate m(i).
1
Let x = -15/7 - -52/21. Let q(u) be the second derivative of x*u**3 - 2*u - 3*u**2 + 0 - 1/3*u**4 + 1/20*u**5. What is q(4)?
2
Let i(t) = 4*t**3 - 7*t**2 + t + 6. Let d(v) = 3*v**3 - 6*v**2 + 6. Let p(f) = -3*d(f) + 2*i(f). Determine p(4).
2
Let s(i) = -i**3 - 5*i**2 + 7*i - 1. Let n be 9*-4*(-4)/(-24). Calculate s(n).
-7
Let k(j) = 2 - j + 4*j**3 - 2 + 4*j**3 - 1. Suppose -5*h = -6*h - 1. What is k(h)?
-8
Let u(q) = q**2 - 2*q + 5. Let p(r) = 3*r**3 - 29*r**2 - 10*r + 4. Let f be p(10). Determine u(f).
13
Let v(w) = w - 1. Let c = 2 - 4. Let z(n) = 3*n + 2. Let a be z(c). Give v(a).
-5
Let k(a) be the third derivative of a**5/60 + 5*a**4/24 - a**3/3 + 27*a**2. What is k(-3)?
-8
Let b(r) = -3*r**2 - r + 1. Let o be (5 - 2)*1 + 0. Suppose o*t + 4 = 5*t. Let d be ((-1)/t)/(3/(-6)). What is b(d)?
-3
Let q be (3 - 10) + 1*-1. Let u be ((-22)/q)/((-5)/20). Let y = u + 6. Let x(m) = m**3 + 4*m**2 - 6*m + 5. What is x(y)?
10
Let x(j) = j**2 - 2*j - 4. Let d be x(-2). Suppose 12 = -2*l + 2*u, d*l - u = -3*u - 12. Let i(v) = -3 - v**3 + 5*v - 2*v**2 + v**3 - v**3. What is i(l)?
9
Let g(j) = 2*j + 9. Let m(t) = -t - 8. Let d(v) = 4*g(v) + 6*m(v). Give d(9).
6
Let g = -14 - -9. Let f(h) = h**2 + 5*h - 2. Give f(g).
-2
Suppose 2*v = -2*j - 2, 2*j - 1 + 7 = 0. Let a(o) = 5*o - 4 - 5*o**2 + 2*o**2 + 4 - o**3 + v. Give a(-4).
-2
Let j(x) = -x**3 + 4*x**2 + 5*x + 4. Let r(q) = -q + 17. Let y be r(12). Give j(y).
4
Let i = -12 - -6. Let q(p) = p**3 + 5*p**2 - 9*p - 7. What is q(i)?
11
Let p(j) = -j**2 + 4*j + 5. Suppose -14*v + 10*v + 20 = 0. Determine p(v).
0
Let z(d) be the second derivative of 5/6*d**3 + 0 + 1/2*d**2 - 1/6*d**4 + d. Calculate z(4).
-11
Let h(v) be the second derivative of 2*v**5/5 - v**3/6 - v. Let g be 2 - (18/2)/3. What is h(g)?
-7
Let b(w) = w + 1. Let p be b(4). Suppose 0 = 2*n - n + p. Let k(a) = a**2 - a - 3. Let j(u) = -u. Let g(t) = -5*j(t) + k(t). Determine g(n).
2
Let x(d) be the third derivative of -d**5/60 - 5*d**4/24 - d**3/6 - d**2. Suppose -1 = -n - 2*t - 7, -4*t = 8. Give x(n).
5
Let p(o) = -o**3 + 5*o**2 - 3*o - 3. Let g = 90 + -86. Calculate p(g).
1
Let o(w) = -w**2 + 9*w + 12. Let v be o(10). Suppose a + 0 = v. Suppose 5 - a = -p. Let s(d) = d - 1. Give s(p).
-4
Let u(j) = 2*j**3 - 36*j**2 - 1 + 31*j**2 + 6*j - j**3. What is u(4)?
7
Suppose -2*s + 18 = -5*s. Let a be (6/9)/((-4)/s). Let k(p) = -3*p + 1. What is k(a)?
-2
Suppose -2*c = -11 + 9. Let d(k) = -3*k**2. Give d(c).
-3
Let z(k) = 7*k + 7. Let r(o) = -3*o - 3. Let s(a) = -9*r(a) - 4*z(a). Give s(3).
-4
Let a be (-18)/(-8) - (-1)/(-4). Suppose -w + 2*w - 1 = 0. Let j(y) = 0 - y - w + a*y. Determine j(4).
3
Let y(c) = 2*c**2 - c + 8. Let f be y(0). Let q(n) = -n**3 + 7*n**2 + 7*n + 1. Determine q(f).
-7
Let z(u) = u**2 + u - 5. Let k(l) = 2*l**3 + l**2 + 2*l + 1. Let d be k(-1). Let p be d*-1*(1 + -3). Give z(p).
7
Let d(j) = -j - 4. Suppose 0*f = f - 25. Suppose -f = 3*t - 10. What is d(t)?
1
Let w(x) = x**3 + 4*x**2 + 4*x + 3. Let d be w(-2). Let u(k) = 4*k**2 + 2*k - 6*k + 4*k**3 - 6*k**d + 2. Suppose -4*f + 3*f + 2 = 0. Determine u(f).
-6
Suppose 0 = 5*w - w - 12. Let m(k) = -2*k - 2. What is m(w)?
-8
Suppose -2*x = -20 + 4. Let v(k) = -k - 1. What is v(x)?
-9
Let d = 131 - 127. Let v(f) be the third derivative of -d*f**2 + 1/60*f**5 + 0 + 0*f - 1/6*f**3 - 1/24*f**4. What is v(2)?
1
Let r(f) be the first derivative of f**3/3 + 5*f**2/2 - 7*f + 11. Calculate r(-6).
-1
Let f(v) = 16*v**2 - 10*v - 7. Let j(n) = 5*n**2 - 3*n - 2. Let r(y) = -2*f(y) + 7*j(y). Let i(d) = -d**2 - 6*d - 6. Let q be i(-4). Calculate r(q).
10
Let c(v) = v - 2. Let s be c(2). Let x(o) be the first derivative of o**4/4 + o**2/2 - o + 1. Determine x(s).
-1
Let w(u) = -u - 5. Let j be w(-5). Let k be j + 0 + 4 + -2. Let p(a) = -k*a + 0*a + 0*a + 3*a. Give p(-4).
-4
Let p be 2/((1 + 2)/(-6)). Let w(s) = s. Let r(o) = 3*o + 4. Let u(f) = -r(f) + 2*w(f). What is u(p)?
0
Let d(g) = -7*g - 11. Let m(r) = -19*r - 33. Let f(o) = 11*d(o) - 4*m(o). Give f(5).
6
Let k(n) = -n. Let q(c) = c**2 + 4*c. Let l be q(-3). Calculate k(l).
3
Let l(o) be the second derivative of o**3/6 + o**2 - o. Suppose 4*c + 0 = 20. Give l(c).
7
Let u be -2*(-1 + 25/10). Let y(n) = -6*n - 3. What is y(u)?
15
Suppose d + 9 = -2*d - 3*q, -3*d + 3*q + 15 = 0. Suppose u - 4*c - 22 = 0, -2*c - d = 9. Let r(v) be the first derivative of -v**2/2 + v - 33. Determine r(u).
-1
Let j(i) = -i**3 + 4*i**2 - 4. Suppose 5 = -2*p + 15. Suppose 0 = -p*u - 5*v + 3 + 17, -4*u - 5*v + 17 = 0. Suppose 6 = u*t - 6. Determine j(t).
-4
Let a(w) = w + 2. Let g(i) = -i**3 - i**2 - 3*i - 2. Let r be g(-3). Suppose p - 6*p = -r. Suppose 3*b - 1 = p. What is a(b)?
4
Let t(y) = -y - y - 2*y**2 + y**2 + 8 + 7*y. Let r(i) = 3*i**2 - 14*i - 24. Suppose z + 8 + 3 = 0. Let v(n) = z*t(n) - 4*r(n). What is v(0)?
8
Let o(d) = -d - 4. Let i(q) = 2*q**2 + 6*q + 1. Let m be i(-4). Let g be (-18)/4*12/m. Determine o(g).
2
Let h = 0 - -2. Let v(i) = -i - i**h - 7*i - 4 + i. Let c(l) = l**3 + 3*l**2 - 2*l + 3. Let m be c(-4). Give v(m).
6
Let l(v) = 3*v + 4. Let f(u) = 4*u + 5. Let b(w) = 2*f(w) - 3*l(w). Give b(-6).
4
Let v(t) = t**3 + t**2 + t - 1. Let s(d) = -7*d**3 - d**2 + d + 3. Let a(r) = s(r) + 6*v(r). What is a(6)?
3
Let a(n) be the third derivative of n**4/8 - n**3/3 + n**2. Let u be 0 + -6*3/(-3). Suppose -g = -u*g + 15. Calculate a(g).
7
Let v(y) = -2*y**2 + 4*y. Suppose -2*p = 2*p - 12. What is v(p)?
-6
Suppose -18*r = -20*r + 18. Let w(o) = o**2 - 10*o - 6. Determine w(r).
-15
Let y(c) = 6*c - 1. Let l(f) be the third derivative of -f**5/60 + 7*f**4/24 - f**3/6 - 4*f**2. Let w(r) = -2*l(r) + 3*y(r). Calculate w(-4).
15
Let x(n) = n - 9. Let o be x(9). Let s(u) = -4*u**2 + 6*u - 1. Let t(b) = 5*b**2 - 7*b. Let f(h) = -6*s(h) - 5*t(h). Calculate f(o).
6
Suppose -3*z - 6 = -